4
Let y = 8 + -1. Let v(h) = y + 13*h - 10*h - h**2 + 0*h - 7*h. Give v(-6).
-5
Suppose 4*g = -4*v - 36, 2*v + 3*g + 21 = -0*g. Let t(s) = 6*s**2 - 3 + s**3 + 0*s - 2 - 1 + 2 + 2*s. Give t(v).
-16
Let f(j) = 8*j - 37. Let a be f(4). Let h(m) = -m**3 - 6*m**2 - 4*m + 6. Give h(a).
1
Let s(u) = u - 1. Let p(w) = -2*w**2 + 3*w + 604 + w**2 - 593. Let z(m) = -p(m) - 4*s(m). Let v(k) = k + 1. Let r be v(5). Give z(r).
-13
Let d(n) = -n**2 - 4*n + 2*n**2 + 3*n. Suppose 0 = 24*w + 23*w - 141. Calculate d(w).
6
Let n(l) = 262 + 9*l - 264 + l**3 - 2*l**2 - 13*l. Determine n(-2).
-10
Let l(m) = m**2 + 11*m + 9. Let c be -5*(0 + 8/4). Let k be l(c). Let f(s) be the third derivative of -s**6/120 - s**5/30 + s**3/6 + 2*s**2. Give f(k).
0
Let f(i) be the third derivative of -1/3*i**3 + 0*i - 1/6*i**4 + 8*i**2 - 1/60*i**5 + 0. Calculate f(-3).
1
Let u(q) be the first derivative of -q**4/4 + 8*q**3/3 - 3*q**2 + 118. Give u(7).
7
Let g(j) = 4*j - 6. Let a be 7/2 + (7/(-2))/7. Suppose a*b + 3 - 15 = 0. Determine g(b).
10
Let c(q) = q**3 - 6*q**2 + 5*q + 6. Let i = -1267 + 1272. Calculate c(i).
6
Let f(z) = 2*z + 3. Let x(k) = k + 1. Let l(c) = f(c) - 3*x(c). Let r be l(1). Let w be -1 + (r - (-12)/3). Let q(a) = 2*a - 1. Calculate q(w).
3
Let b be ((-2)/3)/(((-6)/27)/2). Let i = -5 + 4. Let p(l) = -5*l**3 + 6*l**2 - 3*l - 2. Let n(w) = w**3 + w. Let j(r) = i*p(r) - 4*n(r). What is j(b)?
-4
Let k = -2 + 5. Let y(x) = k*x + 1 - 14*x + 9*x - 3*x**2 + 4*x. What is y(-1)?
-4
Let l(x) = -x**2 + 2*x - 1. Let w(k) = -3*k**2 - k + 4. Let j(t) = 2*l(t) - w(t). Determine j(-7).
8
Let i(b) = -2*b - 1 + 3*b + 2*b - 4*b. Let l = -89 + 85. Give i(l).
3
Suppose -4*u = -12, -b + 2*u = -0*u + 12. Let n(c) = c**2 + 11*c - 7. Let m(p) = -p**2 - 10*p + 5. Let i(q) = 5*m(q) + 4*n(q). Determine i(b).
-3
Suppose 0 = -v + 1 + 1. Let p(r) = 0 + 7*r + r**2 - r + v. Let i be (2/(-4))/((-147)/(-36) + -4). Calculate p(i).
2
Let c(v) = -4*v + 3*v + 7*v**3 - v**3. Suppose -2*b = 5*n + 18, -1 = -5*b + 2*n - 3*n. Give c(b).
5
Suppose 2*t + 4 = -4*b - 6, 5*t + 31 = -4*b. Let r(f) = f**2 + 3*f - 10. What is r(t)?
18
Let v = -164 + 163. Let f(y) = 8*y**3 - 2*y - 1. Give f(v).
-7
Let x(g) = 157*g + 4238. Let c be x(-27). Let b(d) be the third derivative of 11*d**6/120 - d**3/6 - d**2. Calculate b(c).
-12
Let n be (-8*2/5)/((-4312)/5390). Let g(q) be the third derivative of q**6/120 - q**5/12 + q**4/6 - q**3/6 + q**2. Determine g(n).
-1
Let u = -192 + 198. Let b(l) = l**3 - 5*l**2 - 6*l - 2. Calculate b(u).
-2
Let c(z) = -z**2 + 3*z - 6. Let v(j) = -j + 1. Suppose -6 - 14 = 4*x. Let f(h) = x*v(h) - c(h). Let l = -20 + 19. Determine f(l).
0
Let o be (10 - 7) + (1 - -34). Let z(j) = -28*j - o*j + 65*j. Calculate z(5).
-5
Let g(m) be the second derivative of -m**7/2520 + m**6/360 + m**5/24 - 23*m**4/12 + 4*m. Let i(t) be the third derivative of g(t). Calculate i(4).
-3
Let c be ((-8)/10)/((-22)/5 - -4). Let x(h) = 4*h - 3*h - 3*h + 1 + 3*h**c + 0*h**2. What is x(3)?
22
Let y(q) = -q**2 + 8*q + 13. Suppose -14 + 18 = 2*p. Suppose 3*r - 45 = -p*r. Give y(r).
4
Suppose 5*o = -g + 2*g - 18, 4*g - 4*o - 24 = 0. Let f = -6 + g. Let p(v) be the first derivative of -v**2/2 - 3*v - 1. Determine p(f).
0
Let f(p) = -15*p**2 + 3 - 17*p**2 - 4*p - 11*p**2 + 42*p**2 - 1. Determine f(-5).
-3
Let w(d) = d - 6. Let m be w(6). Suppose -24 = 4*u - m. Let n(a) be the first derivative of -a**3/3 - 3*a**2 + 6*a - 1. Determine n(u).
6
Let a(p) = p**2 + 3*p - 6. Let b = -673 + 675. Give a(b).
4
Let g(r) be the first derivative of 1 + 0*r + 1/3*r**3 - 1/2*r**2. Determine g(2).
2
Suppose 258 - 50 = 8*f. Let d(j) = -8 + 13*j**3 + 7*j**2 - f*j**3 + 12*j**3 - 3*j. Calculate d(6).
10
Let n(j) = -j**2 + 2*j. Suppose 5*q - 55 = 4*w, 2*q = -4*w + 50 - 140. Let i = w + 22. Give n(i).
0
Let o be -1 + 4*-1 + (-8)/(-4). Let c = 1 + 2. Let r(m) = 3 - c + 3 - 2*m + m. Give r(o).
6
Let i(u) = 1 + 18*u**2 + 2*u**2 - 17*u**2 - 2*u - 2. What is i(-1)?
4
Suppose 16*j - 3*j = -52. Let x(n) = -n**2 - n - 1. What is x(j)?
-13
Suppose 0 = 1164*m - 1149*m + 30. Let b(u) = -u**3 - u**2 - u - 1. Let x(y) = -y**2 + 4*y**3 + 3*y**2 + 3 - y**3. Let s(q) = -2*b(q) - x(q). Give s(m).
3
Let a(i) = -i**3 - 28*i**2 - 54*i - 63. Let f be a(-26). Let l(c) = -2*c - 30. Determine l(f).
-8
Let h(a) = a + 4. Let p = -245 - -236. Calculate h(p).
-5
Let k(d) = 3*d + 8. Let c be (-260)/45 + (-18)/81. Calculate k(c).
-10
Let d(w) be the third derivative of w**6/120 + w**5/30 + w**4/12 + w**3/2 + 3*w**2. Let g(s) = -s + 15. Let i be g(9). Let v = i + -9. Give d(v).
-12
Let r(v) = 5*v - 5. Let q be r(1). Let a(s) be the third derivative of -5*s**2 + 1/12*s**4 + q*s + 7/6*s**3 + 0. What is a(-6)?
-5
Let r(d) = -d**3 + 14*d**2 + 31*d + 12. Let p be r(16). Let o(q) = -q. Let x(b) = -b**2 - 2*b - 4. Let u(h) = 3*o(h) + x(h). Give u(p).
0
Let q(r) = r - 13 + 4 + 11 - 2*r. Calculate q(-7).
9
Let x be (-4)/14 + (-44)/(-7). Let t be ((-8)/(-5))/(x/(-30)). Let n(v) = -v - 5. Give n(t).
3
Let m(w) be the first derivative of w**3/3 + 5*w**2/2 - 2*w + 18. Suppose -2*f - p + 9 = -5*f, -4*p = -4*f - 4. What is m(f)?
-6
Let k(q) be the third derivative of q**2 - 1/6*q**3 + 0*q - 1/15*q**5 + 1/6*q**4 + 1/120*q**6 + 0. Give k(3).
2
Let c(u) be the second derivative of u**4/12 - u**3/6 + 6*u**2 - 55*u. Determine c(0).
12
Let g(n) = n**3 + 3*n**2 - 3*n + 5. Let s be g(2). Suppose 9 + s = 4*i. Let d(y) = -y - i*y**2 - y**3 + 2*y + 5 + 0*y + 0*y**2. Give d(-7).
-2
Let w = 309 - 300. Let y(o) = -2*o + 1. Determine y(w).
-17
Let k(o) = o - 3. Let j(m) = -m + 9. Suppose -5*c = w - 29, 0 = c - 4*w + 5 + 6. Let q be j(c). Suppose l = -r - l + q, 2*r - 8 = 4*l. What is k(r)?
1
Let f = -1324 - -1328. Let y(p) = p**2 - 5*p + 8. Give y(f).
4
Suppose 3*y - 102 + 75 = 0. Let v(r) = -10 + y*r - 9 + 20. Calculate v(-1).
-8
Let f(i) = 18*i**2 - 11*i - 29. Let z(u) = -26*u**2 + 16*u + 40. Let d(o) = 7*f(o) + 5*z(o). Give d(1).
-4
Let n be 9*(-3)/(-18)*-4. Let v be 9 + n + 6/3. Let c(l) = -l**3 + 6*l**2 - 2*l - 6. Calculate c(v).
9
Let b(a) = a**3 - 3*a**2 + 2*a - 5. Let t(h) = -h**3 + 3*h**2 - 2*h + 4. Let p(v) = -3*v**2 - 15*v + 12. Let n be p(-6). Let g(s) = n*t(s) - 5*b(s). Give g(2).
1
Let i(h) = h**2 - 2*h - 10. Let q be i(7). Let x = q - 25. Let r(k) = k - 4. Determine r(x).
-4
Let b(w) = -5*w - 1. Let q = 12 + -9. Suppose -3*u + 2 = 2*t + q, -4*u + 1 = 5*t. Determine b(u).
4
Let q(d) = 1 - 8*d**2 + 61*d**3 + 14*d - 68*d**3 - 7*d**2. Let y(n) = -10*n**3 - 22*n**2 + 21*n + 2. Let u(m) = 7*q(m) - 5*y(m). Calculate u(-6).
3
Let j(d) = d**3 + 3*d**2 - 6*d - 5. Let w be (0 - -6)*6/(-9). Determine j(w).
3
Let m(b) be the third derivative of -b**6/10 + b**5/60 - b**4/12 - 463*b**2. Determine m(1).
-13
Let t be ((-8)/(-16))/(3/36). Let q(y) = -2*y + 6. Calculate q(t).
-6
Let c(n) = 63*n + 189. Let t(m) = -4*m - 11. Let y(s) = -2*c(s) - 33*t(s). What is y(3)?
3
Let p be -2*(6/(-4))/(-1). Let y = 35 - 32. Let m(b) = 3*b**2 - b + b**3 + y*b + b**2 + 3*b + 4. Give m(p).
-2
Let g(j) be the second derivative of j**3/3 + 9*j**2 - 89*j. What is g(-12)?
-6
Suppose 2*o = -x - o, -2*o - 2 = 0. Let d(f) = f - f**x - 3 - 5 - 2*f**2 - 4*f**2. Let v be 12*(-13 - 90/(-8))*(-4)/(-14). Calculate d(v).
-14
Let q(a) = a**2 - 6*a - 4. Let w(i) = i. Let u(r) = -q(r) - 2*w(r). Let z = 592 + -587. What is u(z)?
-1
Let u = -7 - -12. Let a(v) = -9*v**2 + 11*v + 5. Let j(d) = -11*d**2 + 13*d + 5. Let l(y) = -5*a(y) + 4*j(y). Calculate l(u).
5
Let v = 30 + -24. Let m(t) = v - t - 8 - 4. Determine m(0).
-6
Suppose -3*v + 5*y = -v - 9, 0 = v - 5*y - 7. Let x(f) = -47*f**2 + 4*f - 52*f**v + 4 + 98*f**2. Calculate x(5).
-1
Let d = -2 - -12. Suppose d = 14*q - 9*q. Let a(c) = -c**q - c**2 + 6*c**2 - c**3 + 4*c + 1 + 1. Give a(5).
-3
Suppose 4*w - 4 = 3*w. Suppose 0 + w = 2*f. Let k be 16/5 + f/(-10). Let o(z) = z**3 - 2*z**2 - 2*z - 4. Determine o(k).
-1
Let l(h) = -h**3 - 4*h**2 + 5*h - 6. Suppose 3*s - 18 = 4*z, 10 = -2*z - 274*s + 275*s. Give l(z).
36
Let k(x) = x**3 + 27*x**2 - 3*x + 11. Let b(n) = 4*n**2 - n + 1. Let j(g) = -6*b(g) + k(g). Determine j(-2).
3
Let w(s) = -s**3 - s**2 + s + 6. Let f(m) = -m**2 + 18*m - 45. Let j = 42 - 27. Let i be f(j). Determine w(i).
6
Let t(c) be the third derivative of c**4/12 - c**3/3 + 71*c**2.